) = 3*d(y) + 8*n(y). Calculate w(7).
0
Let v(t) = -4 + 7 + 0*t - 3*t. Let x(b) = 7*b - 5. Let s = -7 - -11. Let a(k) = s*x(k) + 7*v(k). Calculate a(-1).
-6
Let q(y) = -3*y + 8. Let g be (-3)/((-4)/(-8) + -1). What is q(g)?
-10
Let v(g) = -5*g - 3. Let j(k) = -2 + 0 - 5*k + 1 + 3*k. Let p(y) = -8*j(y) + 3*v(y). What is p(3)?
2
Let b(x) = -x**3 + x**2 - 5*x**2 - x**2 + 6*x + 2. Suppose 0*k + 18 = -3*k. Calculate b(k).
2
Suppose -h + 5 = -2*h. Let l = h - -11. Let n(b) = -b**3 + 7*b**2 - 6*b + 4. What is n(l)?
4
Let u(a) = 3 - 2*a + a**2 + a**2 - 2*a. Suppose 5 = 2*q - 9. Let h = q + -4. Calculate u(h).
9
Let l be (12/(-7))/((-6)/21). Let q = 9 - l. Let y(r) = 1 + 2 + r - 2. Give y(q).
4
Let c(b) = -b**2 - 10*b + 20. Let r be c(-12). Let o(s) = s**3 + s. Let k(h) = -4*h**3 - 5*h**2 - 7*h - 6. Let f(x) = k(x) + 3*o(x). What is f(r)?
-6
Let s(f) = f - 3. Let j(m) = -m**3 + 11*m**2 + 5. Let k be j(11). Give s(k).
2
Suppose 5*f = 0, -4*n + 3*f - 3 - 1 = 0. Let j(c) = -c**3 - c**2 - 1. Let t(p) = -6*p**2 - p - 6. Let w(s) = n*t(s) + 6*j(s). What is w(-1)?
5
Let b(z) = -z**3 + z**2. Let o(n) = n**2 - 16*n + 31. Let f be o(14). Suppose -2*l + 0*l - 2 = 0. Let i be 3/(-3) + l + f. Calculate b(i).
0
Let d = 50 - 55. Let o(n) = n**3 + 4*n**2 - 8*n - 7. Determine o(d).
8
Let r(l) be the first derivative of l**3/3 + l**2/2 - 2*l + 2. Let q be r(-3). Let a(j) = -5 - j**3 - q*j**2 + 2 - 4*j + 1. Determine a(-3).
1
Let q(i) = -i**3 + 2*i**2 - 3*i. Suppose 11 = 4*j + 31. Let x(f) = -3*f - 12. Let t be x(j). Give q(t).
-18
Let o(j) = j + 1. Let g(p) = -p + 7 + 5*p + 6. Let w be (-1)/(-4) - 25/20. Let k(i) = w*g(i) + 3*o(i). What is k(-5)?
-5
Suppose -2*d = -3*y - 2*y + 31, -2*d = -2*y + 16. Let m(u) = -u**3 + 6*u**2 - u - 6. Give m(y).
14
Let d(w) = w + 5. Let s be 3/(-1) + 2 - -23. Suppose -s = 2*f - 2*a, -a - 24 - 45 = 4*f. Let r be ((-3)/6)/((-2)/f). Determine d(r).
1
Let l(v) = v**3 + v**2 + 3*v + 1. Suppose 6*k - 4 + 16 = 0. Calculate l(k).
-9
Let r(d) = 3*d + 14 - 3 - d + 6*d - d**2. Determine r(9).
2
Let t be 1*(2 - 4 - 2). Let r be 28/(-8) + 2/t. Let s(y) = -y**2 - 7*y. Calculate s(r).
12
Let q(l) be the third derivative of 8*l**2 + 0*l - 1/24*l**4 + 0 + 2/3*l**3. What is q(6)?
-2
Suppose -2*i = -2*b + 16, b - 4*i = -0*b + 23. Let x(t) be the second derivative of -1/12*t**4 + 2/3*t**3 - 2*t - 3/2*t**2 + 0. What is x(b)?
0
Let y(h) be the second derivative of h**3/2 + 7*h**2/2 + h. Calculate y(-5).
-8
Let l(w) = w**3 - 5*w**2 + 5*w + 4. Let c = 11 + -15. Let s be c/14 + 60/14. Calculate l(s).
8
Let y be -3 + ((4/(-2))/2 - -3). Let s(b) = -b - 1. Determine s(y).
0
Let g(d) = -7*d**2 + 17*d - 15. Let s(w) = -w**3 + 4*w**2 + 4*w + 1. Let h be s(5). Let a(v) = 3*v**2 - 8*v + 7. Let f(y) = h*g(y) - 9*a(y). Give f(-4).
-3
Let w(j) = -21*j**2 - 10*j + 26. Let m(g) = -4*g**2 - 2*g + 5. Let v(q) = 11*m(q) - 2*w(q). Determine v(2).
-9
Let s(q) = -q**3 - q**2 + q + 1. Let u(v) = -v**3 - 2*v**2 + v + 2. Let m(l) = 2*s(l) - u(l). What is m(0)?
0
Let p(y) be the first derivative of -y**3/3 + 9*y**2/2 - 5*y - 19. Determine p(8).
3
Let u(s) = -30*s**3 + 5*s**2 + 5*s. Let o(c) = 15*c**3 - 3*c**2 - 3*c. Let f(b) = -5*o(b) - 3*u(b). Calculate f(1).
15
Let x(i) = i - 1. Let o(t) = t**2 + 7*t - 8. Let b(v) = -o(v) + 6*x(v). Determine b(2).
-4
Let a = 8 - 11. Let y(b) = 107 - 210 + 106 - b**3 - 3*b**2. What is y(a)?
3
Let y(l) = l**2 - l + 5. Suppose 4 = 2*c + 2*k + 20, 0 = c + 3*k + 16. Let h(m) = m**2 + 5*m + 4. Let t be h(c). What is y(t)?
5
Let h(q) be the second derivative of q**6/360 + q**5/60 - q**4/8 + q**3/2 - 4*q. Let p(n) be the second derivative of h(n). Calculate p(2).
5
Let w = -11 - -7. Let p(o) be the second derivative of o**6/120 + o**5/15 + o**3/6 + 3*o**2 - 7*o. Let u(d) be the first derivative of p(d). What is u(w)?
1
Let c(o) be the first derivative of -3 + 3*o + 3/2*o**2 - 1/3*o**3. Let q(v) = 2*v. Let n be q(2). What is c(n)?
-1
Let h be -3*((-10)/3 + 2). Let n(y) = y**2 + y - 1. Let o(m) = -3*m**2 + 5*m - 4. Let q(c) = 2*n(c) + o(c). Calculate q(h).
6
Let c be (-1)/(-4) + 54/8. Let w(n) = -n + 15. Give w(c).
8
Suppose -2*d - 5 = -4*d + i, -3*i - 9 = -3*d. Let g(f) = d + 4*f + 3*f**2 + 3*f**3 - 2*f - f**3 + 0*f. What is g(-2)?
-6
Let k(x) = -x**3 + 2*x - 1 + 7 - 4 + 3*x**2 + 3*x. What is k(4)?
6
Let o be 24/20*(-5)/(-1). Let j(v) be the third derivative of 4*v**2 + 1/2*v**3 - 1/24*v**4 + 0 + 0*v. Determine j(o).
-3
Let j(m) be the second derivative of -m**4/6 + m**3/3 + m**2 - 3*m. Let x(a) = 2*a - 2. Let u be x(3). Let b = u - 2. Calculate j(b).
-2
Let d(b) = 3*b + 2*b**2 - 3*b**2 + 0*b**2 + b + 6. What is d(6)?
-6
Let c(q) = -3*q + 1. Let v be -5 + (-3)/(3/(-1)). Let b = v + 12. Suppose -2*p = z + b, 4*p - 8 = 5*z - z. Give c(p).
7
Suppose -4*n + 3*d + 8 = 7*d, 3*n = -5*d + 12. Let a(f) be the third derivative of 0*f + 0*f**4 - f**2 - 1/30*f**5 - 1/6*f**3 + 0. Determine a(n).
-3
Let y(m) be the first derivative of m**4 + m**2/2 + m + 14. Calculate y(-1).
-4
Let k be (7/(-35))/((-4)/10). Let u(b) be the second derivative of b + 0 + k*b**3 - b**2. What is u(2)?
4
Let o = -4 - -7. Let w be ((-2)/4)/(o/(-24)). Let u(c) = c**2 - 5*c + 5. What is u(w)?
1
Let m = 6 + -3. Let c be ((-9)/18)/((-1)/2). Let l(s) = -m*s + 5*s + 0 - c. Calculate l(-3).
-7
Let k(y) = -y. Let b(h) = -h**2 - 2*h + 4. Let m(w) = -b(w) + 6*k(w). Determine m(6).
8
Let d(c) = c**3 - 4*c**2 + 2*c. Suppose 2*b = -6*m + 5*m + 2, 5*b - 5*m - 35 = 0. What is d(b)?
-3
Let j(v) = 5*v - 14. Let f = 3 - -2. Let a(k) be the third derivative of -k**4/8 + 3*k**3/2 + 2*k**2. Let p(o) = f*j(o) + 8*a(o). Give p(-5).
-3
Suppose -2*p + 8 = -0. Let g(a) = 2 - 6 - 15*a + 16*a. Calculate g(p).
0
Let o(b) = b + 1. Let k(c) = -10*c - 2. Let i(j) = k(j) + 5*o(j). Give i(5).
-22
Let o(l) = l**2 - 4*l - 4. Let r(f) = -2*f + 3. Suppose -2*t = 4 + 8. Let m be r(t). Let s be ((-10)/m)/((-2)/15). Calculate o(s).
1
Let u = 13 + -12. Let h(x) = -7*x**3 + 3*x**2 - x - 8. Let q(t) = -t**3 + t**2 - 1. Let z(c) = u*h(c) - 6*q(c). Give z(-3).
1
Let o(n) = -n**2 - 7*n - 7. Let i be o(-5). Suppose -s - i = -2*s. Let j(f) = 1 - 1 + f - 1 + 4*f**2 + f**s. Give j(-2).
5
Let p(m) = -7*m**2 - 3*m + 1. Let f(r) = 22*r**2 + 10*r - 4. Let y(g) = 2*f(g) + 7*p(g). Let n = -1 + -3. Let z = n - -3. Calculate y(z).
-5
Let y(q) = -2*q**2 - 4 - 5*q**2 - q**3 - 3. What is y(-7)?
-7
Let l = -57 + 52. Let s(m) = -m**3 - 6*m**2 - 3*m + 6. What is s(l)?
-4
Let a = 0 + -3. Let h = -4 - a. Let g(m) = -3*m**2 - 1. What is g(h)?
-4
Let i be 3 - ((2 - 4) + 1). Let u = i + -9. Let t(o) be the second derivative of o**3/6 + 7*o**2/2 - o. Calculate t(u).
2
Let y(u) be the second derivative of -u**4/12 + u**3/6 + u**2/2 - 37*u. Determine y(0).
1
Let q(f) = -9*f + 19. Let o(x) = -5*x + 10. Let s(p) = -7*o(p) + 4*q(p). Let t be s(5). Let u(y) = 6*y + 1. Determine u(t).
7
Let w(j) = j**3 - 4*j**2 + 4*j - 2. Let d(z) = -z**2 + 7*z - 5. Let v be d(5). Let s be (-19)/8 - (-3)/8. Let h = v + s. What is w(h)?
1
Let h(x) be the third derivative of -x**6/120 - x**5/20 + x**4/24 + x**3/3 + 2*x**2. Let q be 5/(-2)*36/(-10). Suppose 0 = -6*w + 3*w - q. Calculate h(w).
-1
Suppose -10 = 5*k - 40. Let j(n) = -n**2 + 5*n + 1. Let q be j(k). Let c(h) = h**3 + 4*h**2 - 6*h - 7. What is c(q)?
-2
Suppose -g + 25 = 7. Let l be g - 2/(1 - 2). Let z be (-36)/(-10) - (-8)/l. Let o(v) = -v + 5. Determine o(z).
1
Let t = 31 - 25. Let s(z) = -z**2 + 2*z + 4. Determine s(t).
-20
Suppose k - 15 = -2*k + 2*s, 2*k + s - 3 = 0. Let x(o) = -o**2 - 4*o + 1. Let a(c) = -c**2 - 3*c + 1. Let d(i) = 6*a(i) - 5*x(i). Give d(k).
-2
Let h = -15 + 25. Let n = -24 + 26. Suppose 0 = n*r - 4 + h. Let u(a) = a**3 + 4*a**2 + 2*a - 3. Calculate u(r).
0
Let l(a) = -4 + a - a**2 - a**3 - 2*a**2 - 4 + 5. Determine l(-3).
-6
Let u(d) = 2*d**2 - 1 + 7*d**2 + 2*d - 5*d**2. Let c be u(1). Suppose 0 = 5*l - 0*l - c. Let m(a) = -8*a**2. Determine m(l).
-8
Let d(g) = 5*g**3 - 5*g**2 + 2*g. Let k(y) = 9*y**3 - 10*y**2 + 5*y. Let z(v) = 7*d(v) - 4*k(v). Let o = 2 - 3. Let r be 2/1 + o - -3. Determine z(r).
-8
Let o(w) = w - 10. Let n(j) = 1. Let h(q) = -3*n(q) - o(q). Give h(5).
2
Let p(u) = -1 - 1 + 95*u**2 - 93*u**2. Calculate p(3).
16
Let v(s) = s**2 - 6*s - 7. Let w be (-3 - 1)*-1 + 13 + -10. What is v(w)?
